 14*q - 4893. Suppose 8*d = q + 3821. Is d prime?
False
Let q(k) be the first derivative of k**5/60 + 95*k**4/24 - 4*k**3/3 + 2. Let n(c) be the third derivative of q(c). Is n(0) composite?
True
Let k be 303/3 + (-2 - 2). Suppose 5*l = 5*n + 145, 4*n = -4*l + 51 + k. Is l a prime number?
False
Let o = -786 + 557. Let t = -157 - o. Suppose -4*s + 4*x + t = 0, 2*x = -0*x + 10. Is s composite?
False
Let z = 169 + 343. Suppose a = z + 294. Suppose 0*v + 5*v = 3*g + 802, -a = -5*v + 4*g. Is v composite?
True
Suppose 5*f + 25590 = 11*f. Suppose 5*d + 3*x = 4265, 5*d - x = -0*x + f. Is d a prime number?
True
Let g = -3 + 4. Is (g - 0)/((-9)/(-1341)) a composite number?
False
Let l(q) = 3*q**3 + 2*q**2 - 14*q + 19. Is l(10) composite?
False
Let p(w) = 30*w**2 - 5*w + 6. Is p(4) composite?
True
Suppose 3*x - 2119 - 4038 = -o, 6167 = 3*x - 4*o. Is x a prime number?
True
Suppose -4*k - 5195 = -r, 2*r + 2*k = -r + 15641. Suppose 3*l - r = -s + 4*s, -1747 = -l - 4*s. Is l a prime number?
False
Let s(g) be the second derivative of 187*g**3/2 - g**2 - 7*g. Let w be s(1). Let r = -146 + w. Is r prime?
False
Let f be 20/8 - (-1)/2. Suppose -f*c + 120 = -21. Let m = 81 - c. Is m a prime number?
False
Let d be 0 + 7 - (-4)/(-2). Suppose -d*b + 10 = -5. Suppose 3*l = -2*j + 1331, 2*l - 624 = b*j + 272. Is l composite?
True
Let g be 472/10*(-540)/(-6). Let n = g + 2885. Is n a composite number?
True
Let c(r) = 58*r**2 - 5*r + 11. Suppose 6*w + 132 + 60 = 0. Let t = 36 + w. Is c(t) a prime number?
True
Let h be -3*((-5)/30)/((-1)/(-2)). Is (-1746)/(-3 - 0) - h composite?
True
Is 2 + 3 + (-9)/6*-42952 prime?
True
Let n = -19 + 21. Suppose 0*w + 464 = 4*o + 4*w, -n*o + 4*w + 250 = 0. Is o prime?
False
Let l = -650 + 922. Suppose 5*p = -2*j + l, -5*j + 2*j + 408 = p. Suppose -h + j = -63. Is h prime?
True
Let h = -70 - -48. Let f = h + 53. Is f a prime number?
True
Suppose -2*u + u = -10. Suppose 0 = u*m - 5*m - 20. Suppose -2*b - 374 = -m*b. Is b composite?
True
Let b(m) = 2*m**3 + 35*m**2 - 19*m - 8. Let z be b(-18). Is z/20*(0 + 7978) composite?
False
Suppose -5*z + z + 12 = 0. Suppose o - 107 = -2*m + m, -5*m + z*o = -551. Is m composite?
False
Suppose 0 = 55*g - 56*g + 24005. Is g composite?
True
Let y(h) = h - 1. Let p be y(5). Suppose 27197 = p*a + m - 4*m, 6809 = a - 4*m. Is a a prime number?
False
Let f(j) be the first derivative of -35*j**3/3 - j**2/2 - 3*j + 9. Let p(k) = -36*k**2 - k - 4. Let v(t) = -5*f(t) + 4*p(t). Is v(-4) a prime number?
True
Let m = 15 - 12. Let p(o) = 6*o**3 + 2*o**2 + 6*o - 7. Is p(m) composite?
False
Suppose 0 = 4*m + 2*o - 1756 - 2252, -3*m + 2*o + 3013 = 0. Is m a composite number?
True
Suppose 640879 + 151570 = 79*f. Is f a composite number?
True
Suppose -4*q - 4*d = -132, 78 = -0*q + 3*q - 4*d. Let b be 3/15 + (-1086)/q. Is (606/4)/((-27)/b) composite?
True
Suppose 21*t - 289461 = -21480. Is t a composite number?
True
Suppose 1 = -4*s + 5*s, 4*d - 4*s = 12. Let g(m) = -56*m - 4. Let c(n) = 56*n + 3. Let x(l) = 5*c(l) + 4*g(l). Is x(d) a prime number?
True
Let g = -4 + 6. Suppose 16 = g*p - p. Let a = p + -7. Is a a composite number?
True
Let x(t) = t**2 - 2. Let b be x(-5). Suppose 7*d - 4*w = 3*d - 12, -d = -5*w + b. Let h(z) = 38*z**2 + 5*z - 5. Is h(d) a prime number?
True
Suppose 5*z = 0, 2*u - 4*z - 6872 = -0*u. Let t = -1257 + u. Is t a prime number?
True
Let k = 103 + -68. Suppose -3*n - 4*g = -57, 4*n - k = -2*g + 31. Is 3801/n + 10/(-25) prime?
False
Suppose -3*x - 2*s - 13 = -4*s, 2*x = 3*s - 7. Let a = x - -30. Is a a prime number?
False
Let u = -286 + 537. Is u composite?
False
Let j(b) be the second derivative of -2*b + 0 + 1/3*b**3 - 3/2*b**2 + 1/12*b**4. Is j(-6) a composite number?
True
Let t = 32899 + 10792. Is t prime?
True
Let a(b) = -b**3 + 9*b**2 + 41*b - 12. Let q be a(-17). Suppose 3*d + q = 8*d. Is d a composite number?
False
Is 4805220/525 - (-9)/(-5) a composite number?
False
Let u = 366 + 1049. Is u composite?
True
Let r = 1 + 2. Suppose -r*n = -0*n - 819. Let j = n + -184. Is j a composite number?
False
Let g be 6 + -5 + 0 + 1. Is 3/((-6)/g) + 132 a composite number?
False
Let y(b) = 87*b**2 + 8*b + 4. Is y(-7) prime?
True
Let m = -811 - -4010. Is m prime?
False
Let j be 1317/(-4) - (-15)/60. Let o = 540 + j. Is o a composite number?
False
Let b = -9 + 7. Is (-456)/(-24) + 2*b a composite number?
True
Let x(w) = 25*w + 10 - 6 - 2. Is x(5) composite?
False
Let t = -167 - -233. Let k be (-24)/(-1) + 2 + -1. Let g = t + k. Is g composite?
True
Suppose 23*j - 57892 = 79027. Is j composite?
False
Suppose -40*q + 1747566 - 279926 = 0. Is q a prime number?
True
Let l(t) = 85*t**3 + 6*t**2 - 38. Is l(7) a composite number?
False
Suppose -10*z + 78 = -52. Suppose -11*q - 1382 = -z*q. Is q a prime number?
True
Let h = 11 + -11. Let w be h*(14/(-4) + 3). Suppose w = -c + 2, 0 = -2*m + 3*c - 0 + 40. Is m a composite number?
False
Let k be (-34830)/(-4) + (-5 - (-44)/8). Suppose k = 27*m - 23*m. Is m prime?
False
Suppose -54*q = -49*q - 1940. Suppose -2*v = 5*a - 71 - 123, 4*v + 3*a = q. Is v a prime number?
True
Suppose -2*m - 2*m = 4, 85 = 3*r + 2*m. Suppose -2*u = -r + 23. Suppose -u*j + 419 = -2*j. Is j composite?
False
Let f be (-21)/(((-12)/8)/(-1)). Is (-35)/f*(-1948)/(-10) composite?
False
Let d = -23 + 27. Suppose -i - 3*x = -1285, -i = -0*i + d*x - 1289. Is i composite?
True
Suppose -5*g + 58 = 2*h - 8, 4*h - 2*g - 180 = 0. Let f = -40 + h. Let v(l) = 53*l - 2. Is v(f) prime?
True
Let y(b) = -14*b - 20. Let t(v) = -16*v - 21. Let w(h) = -6*t(h) + 7*y(h). Suppose -4 = 2*m + 16. Is w(m) prime?
False
Suppose -9*g = -6*g + 23337. Let k = g - -10922. Is k prime?
False
Let y(l) be the third derivative of 3*l**5/20 + l**4/4 - 13*l**3/6 - 3*l**2. Is y(4) a prime number?
False
Suppose 3*k + 23 - 26 = 0. Is (14 - -1053) + k/2*0 prime?
False
Let z = -51 + 56. Suppose 7712 = 5*u + n, -z + 14 = -3*n. Is u a prime number?
True
Suppose -j + w + 2 = 8, -w + 18 = -4*j. Is (-4274)/j*4/2 a prime number?
True
Let o be 35289/(-18) - 1/(4/6). Let n = -1175 - o. Is n composite?
False
Let i be (-8)/(-12) - 7/(-3). Let m(c) = -c**2 + 4*c - 1. Let h be m(i). Suppose 2*b = -h*p + p + 28, -2*p + 69 = 5*b. Is b a composite number?
False
Let j = 4403 - 8058. Let n = -2144 - j. Is n prime?
True
Let j be 1*115/(-20)*-4 + 4. Let m(q) = -46*q + 4. Let a be m(-6). Let y = a - j. Is y a composite number?
True
Let p(h) = 4*h - 81. Let o be p(24). Is (-6)/(-2) - ((7 - o) + -384) a composite number?
True
Is ((-74)/(-222))/((-2)/(-223530)) a composite number?
True
Suppose b + 2*b = 5676. Suppose -m + b = 3*m. Is m prime?
False
Let l = -10 - -12. Is (188/8)/(1/l) composite?
False
Suppose 0 = 5*y - 7*y + 9398. Is y composite?
True
Let s(y) = -235*y - 4 - 3 - 188*y - 315*y + 6. Suppose g + 1 = -4*m - 4, -m - g = 2. Is s(m) a prime number?
False
Let n(t) = t - 12. Let b be n(6). Let v = b - -4. Is (21/7)/(v/(-82)) a composite number?
True
Let o be ((-1)/3)/(3/(-18)). Suppose -x + 169 = -o*u, -6*x - 4*u + 803 = -x. Suppose -4*s + 220 = 2*l, 2*s = -s - l + x. Is s composite?
False
Suppose 5*v = 4*b - 10687 + 76978, -2*b + 2 = 0. Is v composite?
False
Suppose -o - 3*y + 57 = 2*y, -81 = -2*o + y. Suppose 4*p = 144 - 36. Let d = o - p. Is d prime?
False
Let z be (-17)/(-4) + 37/(-148). Suppose 0 = p + z*w - 3057, 2*w - 5 = -1. Is p a composite number?
False
Let x(u) = 28*u**2 + 5*u - 4. Let g(l) = 6*l**2 + 3*l. Let j be g(-1). Is x(j) prime?
True
Let f = -67335 - -140894. Is f a composite number?
True
Suppose 260 = 5*k + 5*a, 5*a - 53 = -k + 3*a. Is k a prime number?
False
Suppose -1544 = -2*y + 2*x - 7*x, -y = -x - 758. Suppose h - y = 797. Is h a composite number?
False
Let i(v) = 3*v - 58. Let y be i(18). Suppose -n + 124 = 45. Is n + y - -1*2 composite?
True
Let v(h) = 4*h - 84*h**2 + 3 + 81*h**2 - 8*h + 18*h**3. Suppose 1 = 5*t - 9. Is v(t) prime?
True
Let z = 430 + -141. Is z composite?
True
Suppose -2*g + 11 = z, 7*g - 10 = 2*z + 3*g. Let k(u) = 102*u**2 - u - 3. Let b be k(-2). Suppose -4*d + b = -z*d. Is d a composite number?
True
Let f(t) = -445*t - 5. Let w be f(-3). Suppose -5*l = 2*m - w, 1445 = 4*m - 3*l - 1215. Let o = -294 + m. Is o a prime number?
False
Suppose -23*u = -23008 - 12159. Is u prime?
False
Let y be 754/(-9) - 26/117.